{"id":6,"date":"2021-05-04T07:54:40","date_gmt":"2021-05-04T05:54:40","guid":{"rendered":"http:\/\/lesservicesbretons.fr\/index.php\/home\/"},"modified":"2021-08-27T20:31:34","modified_gmt":"2021-08-27T18:31:34","slug":"espace-vert","status":"publish","type":"page","link":"https:\/\/lesservicesbretons.fr\/","title":{"rendered":"Les Services Bretons"},"content":{"rendered":"\n<p><strong>Entretien des espaces verts sur Saint-Malo, Dinard, Dinan, Cancale, Dol de Bretagne, Combourg et villes voisines. <a href=\"https:\/\/lesservicesbretons.fr\/index.php\/contactez-nous\/\">Contactez-nous<\/a> pour savoir si votre commune est desservie. <\/strong><\/p>\n\n\n\n<p>Notre entreprise est d\u00e9clar\u00e9e services \u00e0 la personne, vous b\u00e9n\u00e9ficiez donc de <strong>50% de d\u00e9duction ou cr\u00e9dit d&rsquo;imp\u00f4t si vous n&rsquo;\u00eates pas imposable<\/strong>. Vous n&rsquo;avez pas d&rsquo;assurance \u00e0 souscrire ni de d\u00e9claration \u00e0 effectuer car vous n&rsquo;\u00eates pas particulier employeur. <a href=\"https:\/\/www.impots.gouv.fr\/portail\/particulier\/emploi-domicile\">https:\/\/www.impots.gouv.fr\/portail\/particulier\/emploi-domicile<\/a><\/p>\n\n\n\n<p><strong>Taille de haies et entretien des massifs :<\/strong> B\u00e9n\u00e9ficiez de notre expertise pour avoir un jardin propre et verdoyant tout au long de l&rsquo;ann\u00e9e, <a href=\"https:\/\/lesservicesbretons.fr\/index.php\/contactez-nous\/\">contactez-nous<\/a> le devis est gratuit. <\/p>\n\n\n\n<p><strong>Tonte de pelouse et d\u00e9sherbage thermique : <\/strong>Nous sommes \u00e9quip\u00e9e de mat\u00e9riels r\u00e9cents et \u00e9cologiques, ce qui nous permet de travailler dans de bonnes conditions et avec un impact \u00e9cologique restreint, comme avec nos desherbeurs thermique qui \u00e9vitent d&rsquo;utiliser des pesticides. <\/p>\n","protected":false},"excerpt":{"rendered":"<p>Entretien des espaces verts sur Saint-Malo, Dinard, Dinan, Cancale, Dol de Bretagne, Combourg et villes voisines. Contactez-nous pour savoir si votre commune est desservie. Notre entreprise est d\u00e9clar\u00e9e services \u00e0 la personne, vous b\u00e9n\u00e9ficiez donc de 50% de d\u00e9duction ou cr\u00e9dit d&rsquo;imp\u00f4t si vous n&rsquo;\u00eates pas imposable. Vous n&rsquo;avez pas d&rsquo;assurance \u00e0 souscrire ni de [&hellip;]<\/p>\n","protected":false},"author":1,"featured_media":0,"parent":0,"menu_order":0,"comment_status":"closed","ping_status":"closed","template":"templates\/template-homepage.php","meta":{"footnotes":""},"class_list":["post-6","page","type-page","status-publish","hentry"],"yoast_head":"<!-- This site is optimized with the Yoast SEO plugin v27.4 - https:\/\/yoast.com\/product\/yoast-seo-wordpress\/ -->\n<title>Les Services Bretons - Entretien du jardin sur la C\u00f4te d&#039;Emeraude<\/title>\n<meta name=\"description\" content=\"Entretien du Jardin, Tonte de pelouse, d\u00e9broussaillage, taille de haies, massifs, d\u00e9sherbage, Saint-Malo, Cancale, Dinard, Dol, Combourg\" \/>\n<meta name=\"robots\" content=\"index, follow, max-snippet:-1, max-image-preview:large, max-video-preview:-1\" \/>\n<link rel=\"canonical\" href=\"https:\/\/lesservicesbretons.fr\/\" \/>\n<meta property=\"og:locale\" content=\"fr_FR\" \/>\n<meta property=\"og:type\" content=\"article\" \/>\n<meta property=\"og:title\" content=\"Les Services Bretons - Entretien du jardin sur la C\u00f4te d&#039;Emeraude\" \/>\n<meta property=\"og:description\" content=\"Entretien du Jardin, Tonte de pelouse, d\u00e9broussaillage, taille de haies, massifs, d\u00e9sherbage, Saint-Malo, Cancale, Dinard, Dol, Combourg\" \/>\n<meta property=\"og:url\" content=\"https:\/\/lesservicesbretons.fr\/\" \/>\n<meta property=\"og:site_name\" content=\"Les Services Bretons - Entretien du Jardin\" \/>\n<meta property=\"article:publisher\" content=\"https:\/\/www.facebook.com\/ServicesBretons\/\" \/>\n<meta property=\"article:modified_time\" content=\"2021-08-27T18:31:34+00:00\" \/>\n<meta property=\"og:image\" content=\"https:\/\/lesservicesbretons.fr\/wp-content\/uploads\/2025\/04\/29462317-adobestock-284379076-copie.jpeg\" \/>\n\t<meta property=\"og:image:width\" content=\"2000\" \/>\n\t<meta property=\"og:image:height\" content=\"849\" \/>\n\t<meta property=\"og:image:type\" content=\"image\/jpeg\" \/>\n<meta name=\"twitter:card\" content=\"summary_large_image\" \/>\n<meta name=\"twitter:label1\" content=\"Dur\u00e9e de lecture estim\u00e9e\" \/>\n\t<meta name=\"twitter:data1\" content=\"1 minute\" \/>\n<script type=\"application\/ld+json\" class=\"yoast-schema-graph\">{\"@context\":\"https:\\\/\\\/schema.org\",\"@graph\":[{\"@type\":\"WebPage\",\"@id\":\"https:\\\/\\\/lesservicesbretons.fr\\\/\",\"url\":\"https:\\\/\\\/lesservicesbretons.fr\\\/\",\"name\":\"Les Services Bretons - Entretien du jardin sur la C\u00f4te d'Emeraude\",\"isPartOf\":{\"@id\":\"https:\\\/\\\/lesservicesbretons.fr\\\/#website\"},\"datePublished\":\"2021-05-04T05:54:40+00:00\",\"dateModified\":\"2021-08-27T18:31:34+00:00\",\"description\":\"Entretien du Jardin, Tonte de pelouse, d\u00e9broussaillage, taille de haies, massifs, d\u00e9sherbage, Saint-Malo, Cancale, Dinard, Dol, Combourg\",\"breadcrumb\":{\"@id\":\"https:\\\/\\\/lesservicesbretons.fr\\\/#breadcrumb\"},\"inLanguage\":\"fr-FR\",\"potentialAction\":[{\"@type\":\"ReadAction\",\"target\":[\"https:\\\/\\\/lesservicesbretons.fr\\\/\"]}]},{\"@type\":\"BreadcrumbList\",\"@id\":\"https:\\\/\\\/lesservicesbretons.fr\\\/#breadcrumb\",\"itemListElement\":[{\"@type\":\"ListItem\",\"position\":1,\"name\":\"Accueil\",\"item\":\"https:\\\/\\\/lesservicesbretons.fr\\\/\"},{\"@type\":\"ListItem\",\"position\":2,\"name\":\"Les Services Bretons\"}]},{\"@type\":\"WebSite\",\"@id\":\"https:\\\/\\\/lesservicesbretons.fr\\\/#website\",\"url\":\"https:\\\/\\\/lesservicesbretons.fr\\\/\",\"name\":\"Les Services Bretons - Entretien du Jardin sur Saint-Malo , Cancale et Dinard\",\"description\":\"Un jardin \u00e0 votre image\",\"publisher\":{\"@id\":\"https:\\\/\\\/lesservicesbretons.fr\\\/#organization\"},\"potentialAction\":[{\"@type\":\"SearchAction\",\"target\":{\"@type\":\"EntryPoint\",\"urlTemplate\":\"https:\\\/\\\/lesservicesbretons.fr\\\/?s={search_term_string}\"},\"query-input\":{\"@type\":\"PropertyValueSpecification\",\"valueRequired\":true,\"valueName\":\"search_term_string\"}}],\"inLanguage\":\"fr-FR\"},{\"@type\":\"Organization\",\"@id\":\"https:\\\/\\\/lesservicesbretons.fr\\\/#organization\",\"name\":\"Les Services Bretons\",\"url\":\"https:\\\/\\\/lesservicesbretons.fr\\\/\",\"logo\":{\"@type\":\"ImageObject\",\"inLanguage\":\"fr-FR\",\"@id\":\"https:\\\/\\\/lesservicesbretons.fr\\\/#\\\/schema\\\/logo\\\/image\\\/\",\"url\":\"https:\\\/\\\/lesservicesbretons.fr\\\/wp-content\\\/uploads\\\/2022\\\/05\\\/cropped-Les-Services-Bretons-jardin.png\",\"contentUrl\":\"https:\\\/\\\/lesservicesbretons.fr\\\/wp-content\\\/uploads\\\/2022\\\/05\\\/cropped-Les-Services-Bretons-jardin.png\",\"width\":563,\"height\":309,\"caption\":\"Les Services Bretons\"},\"image\":{\"@id\":\"https:\\\/\\\/lesservicesbretons.fr\\\/#\\\/schema\\\/logo\\\/image\\\/\"},\"sameAs\":[\"https:\\\/\\\/www.facebook.com\\\/ServicesBretons\\\/\"]}]}<\/script>\n<!-- \/ Yoast SEO plugin. -->","yoast_head_json":{"title":"Les Services Bretons - Entretien du jardin sur la C\u00f4te d'Emeraude","description":"Entretien du Jardin, Tonte de pelouse, d\u00e9broussaillage, taille de haies, massifs, d\u00e9sherbage, Saint-Malo, Cancale, Dinard, Dol, Combourg","robots":{"index":"index","follow":"follow","max-snippet":"max-snippet:-1","max-image-preview":"max-image-preview:large","max-video-preview":"max-video-preview:-1"},"canonical":"https:\/\/lesservicesbretons.fr\/","og_locale":"fr_FR","og_type":"article","og_title":"Les Services Bretons - Entretien du jardin sur la C\u00f4te d'Emeraude","og_description":"Entretien du Jardin, Tonte de pelouse, d\u00e9broussaillage, taille de haies, massifs, d\u00e9sherbage, Saint-Malo, Cancale, Dinard, Dol, Combourg","og_url":"https:\/\/lesservicesbretons.fr\/","og_site_name":"Les Services Bretons - Entretien du Jardin","article_publisher":"https:\/\/www.facebook.com\/ServicesBretons\/","article_modified_time":"2021-08-27T18:31:34+00:00","og_image":[{"width":2000,"height":849,"url":"https:\/\/lesservicesbretons.fr\/wp-content\/uploads\/2025\/04\/29462317-adobestock-284379076-copie.jpeg","type":"image\/jpeg"}],"twitter_card":"summary_large_image","twitter_misc":{"Dur\u00e9e de lecture estim\u00e9e":"1 minute"},"schema":{"@context":"https:\/\/schema.org","@graph":[{"@type":"WebPage","@id":"https:\/\/lesservicesbretons.fr\/","url":"https:\/\/lesservicesbretons.fr\/","name":"Les Services Bretons - Entretien du jardin sur la C\u00f4te d'Emeraude","isPartOf":{"@id":"https:\/\/lesservicesbretons.fr\/#website"},"datePublished":"2021-05-04T05:54:40+00:00","dateModified":"2021-08-27T18:31:34+00:00","description":"Entretien du Jardin, Tonte de pelouse, d\u00e9broussaillage, taille de haies, massifs, d\u00e9sherbage, Saint-Malo, Cancale, Dinard, Dol, Combourg","breadcrumb":{"@id":"https:\/\/lesservicesbretons.fr\/#breadcrumb"},"inLanguage":"fr-FR","potentialAction":[{"@type":"ReadAction","target":["https:\/\/lesservicesbretons.fr\/"]}]},{"@type":"BreadcrumbList","@id":"https:\/\/lesservicesbretons.fr\/#breadcrumb","itemListElement":[{"@type":"ListItem","position":1,"name":"Accueil","item":"https:\/\/lesservicesbretons.fr\/"},{"@type":"ListItem","position":2,"name":"Les Services Bretons"}]},{"@type":"WebSite","@id":"https:\/\/lesservicesbretons.fr\/#website","url":"https:\/\/lesservicesbretons.fr\/","name":"Les Services Bretons - Entretien du Jardin sur Saint-Malo , Cancale et Dinard","description":"Un jardin \u00e0 votre image","publisher":{"@id":"https:\/\/lesservicesbretons.fr\/#organization"},"potentialAction":[{"@type":"SearchAction","target":{"@type":"EntryPoint","urlTemplate":"https:\/\/lesservicesbretons.fr\/?s={search_term_string}"},"query-input":{"@type":"PropertyValueSpecification","valueRequired":true,"valueName":"search_term_string"}}],"inLanguage":"fr-FR"},{"@type":"Organization","@id":"https:\/\/lesservicesbretons.fr\/#organization","name":"Les Services Bretons","url":"https:\/\/lesservicesbretons.fr\/","logo":{"@type":"ImageObject","inLanguage":"fr-FR","@id":"https:\/\/lesservicesbretons.fr\/#\/schema\/logo\/image\/","url":"https:\/\/lesservicesbretons.fr\/wp-content\/uploads\/2022\/05\/cropped-Les-Services-Bretons-jardin.png","contentUrl":"https:\/\/lesservicesbretons.fr\/wp-content\/uploads\/2022\/05\/cropped-Les-Services-Bretons-jardin.png","width":563,"height":309,"caption":"Les Services Bretons"},"image":{"@id":"https:\/\/lesservicesbretons.fr\/#\/schema\/logo\/image\/"},"sameAs":["https:\/\/www.facebook.com\/ServicesBretons\/"]}]}},"_links":{"self":[{"href":"https:\/\/lesservicesbretons.fr\/index.php\/wp-json\/wp\/v2\/pages\/6","targetHints":{"allow":["GET"]}}],"collection":[{"href":"https:\/\/lesservicesbretons.fr\/index.php\/wp-json\/wp\/v2\/pages"}],"about":[{"href":"https:\/\/lesservicesbretons.fr\/index.php\/wp-json\/wp\/v2\/types\/page"}],"author":[{"embeddable":true,"href":"https:\/\/lesservicesbretons.fr\/index.php\/wp-json\/wp\/v2\/users\/1"}],"replies":[{"embeddable":true,"href":"https:\/\/lesservicesbretons.fr\/index.php\/wp-json\/wp\/v2\/comments?post=6"}],"version-history":[{"count":4,"href":"https:\/\/lesservicesbretons.fr\/index.php\/wp-json\/wp\/v2\/pages\/6\/revisions"}],"predecessor-version":[{"id":103,"href":"https:\/\/lesservicesbretons.fr\/index.php\/wp-json\/wp\/v2\/pages\/6\/revisions\/103"}],"wp:attachment":[{"href":"https:\/\/lesservicesbretons.fr\/index.php\/wp-json\/wp\/v2\/media?parent=6"}],"curies":[{"name":"wp","href":"https:\/\/api.w.org\/{rel}","templated":true}]}}