{"id":60,"date":"2021-05-04T17:52:55","date_gmt":"2021-05-04T15:52:55","guid":{"rendered":"https:\/\/lesservicesbretons.fr\/?page_id=60"},"modified":"2025-09-29T09:21:22","modified_gmt":"2025-09-29T07:21:22","slug":"contactez-nous","status":"publish","type":"page","link":"https:\/\/lesservicesbretons.fr\/index.php\/contactez-nous\/","title":{"rendered":"Contactez nous"},"content":{"rendered":"\n<h2 class=\"wp-block-heading\">Contactez-nous pour un jardin resplendissant<\/h2>\n\n\n\n<p>Vous souhaitez en savoir plus sur nos services d\u2019<strong>entretien de jardin<\/strong>&nbsp;\u00e0&nbsp;<strong>Saint-Malo, Cancale, Dinard et villes alentours<\/strong>\u202f? Contactez-nous\u202f:<\/p>\n\n\n\n<ul class=\"wp-block-list\">\n<li><strong>T\u00e9l\u00e9phone<\/strong>\u00a0:\u00a0<a href=\"tel:+33299584650\">02 99 58 46 50<\/a><\/li>\n\n\n\n<li><strong>Par Mail : <a href=\"mailto:contact@lesservicesbretons.fr\">contact@lesservicesbretons.fr<\/a><\/strong><\/li>\n\n\n\n<li><strong>Adresse<\/strong>&nbsp;: 20 rue de Dol \u2013 35111 La Fresnais<\/li>\n<\/ul>\n\n\n\n<p>Faites confiance \u00e0&nbsp;<strong>Les Services Bretons<\/strong>&nbsp;pour un&nbsp;<strong>jardin<\/strong>&nbsp;sain et harmonieux toute l\u2019ann\u00e9e. Nous serons ravis de vous conseiller et de vous proposer une prestation adapt\u00e9e \u00e0 votre projet\u202f!<\/p>\n\n\n\n<div style=\"height:22px\" aria-hidden=\"true\" class=\"wp-block-spacer\"><\/div>\n\n\n\n<div style=\"height:22px\" aria-hidden=\"true\" class=\"wp-block-spacer\"><\/div>\n\n\n\n<p><\/p>\n\n\n\n<figure class=\"wp-block-image size-large\"><img loading=\"lazy\" decoding=\"async\" width=\"1024\" height=\"577\" src=\"https:\/\/lesservicesbretons.fr\/wp-content\/uploads\/2025\/04\/20250407_112749-1024x577.jpg\" alt=\"\" class=\"wp-image-223\" srcset=\"https:\/\/lesservicesbretons.fr\/wp-content\/uploads\/2025\/04\/20250407_112749-1024x577.jpg 1024w, https:\/\/lesservicesbretons.fr\/wp-content\/uploads\/2025\/04\/20250407_112749-300x169.jpg 300w, https:\/\/lesservicesbretons.fr\/wp-content\/uploads\/2025\/04\/20250407_112749-768x432.jpg 768w, https:\/\/lesservicesbretons.fr\/wp-content\/uploads\/2025\/04\/20250407_112749-1536x865.jpg 1536w, https:\/\/lesservicesbretons.fr\/wp-content\/uploads\/2025\/04\/20250407_112749-2048x1153.jpg 2048w\" sizes=\"auto, (max-width: 1024px) 100vw, 1024px\" \/><\/figure>\n\n\n\n<p><\/p>\n\n\n\n<p><\/p>\n\n\n\n<p><\/p>\n","protected":false},"excerpt":{"rendered":"<p>Contactez-nous pour un jardin resplendissant Vous souhaitez en savoir plus sur nos services d\u2019entretien de jardin&nbsp;\u00e0&nbsp;Saint-Malo, Cancale, Dinard et villes alentours\u202f? Contactez-nous\u202f: Faites confiance \u00e0&nbsp;Les Services Bretons&nbsp;pour un&nbsp;jardin&nbsp;sain et harmonieux toute l\u2019ann\u00e9e. Nous serons ravis de vous conseiller et de vous proposer une prestation adapt\u00e9e \u00e0 votre projet\u202f!<\/p>\n","protected":false},"author":1,"featured_media":0,"parent":0,"menu_order":0,"comment_status":"closed","ping_status":"closed","template":"","meta":{"footnotes":""},"class_list":["post-60","page","type-page","status-publish","hentry"],"yoast_head":"<!-- This site is optimized with the Yoast SEO plugin v27.4 - https:\/\/yoast.com\/product\/yoast-seo-wordpress\/ -->\n<title>Contactez nous - Les Services Bretons - Entretien du Jardin<\/title>\n<meta name=\"robots\" content=\"index, follow, max-snippet:-1, max-image-preview:large, max-video-preview:-1\" \/>\n<link rel=\"canonical\" href=\"https:\/\/lesservicesbretons.fr\/index.php\/contactez-nous\/\" \/>\n<meta property=\"og:locale\" content=\"fr_FR\" \/>\n<meta property=\"og:type\" content=\"article\" \/>\n<meta property=\"og:title\" content=\"Contactez nous - Les Services Bretons - Entretien du Jardin\" \/>\n<meta property=\"og:description\" content=\"Contactez-nous pour un jardin resplendissant Vous souhaitez en savoir plus sur nos services d\u2019entretien de jardin&nbsp;\u00e0&nbsp;Saint-Malo, Cancale, Dinard et villes alentours\u202f? Contactez-nous\u202f: Faites confiance \u00e0&nbsp;Les Services Bretons&nbsp;pour un&nbsp;jardin&nbsp;sain et harmonieux toute l\u2019ann\u00e9e. Nous serons ravis de vous conseiller et de vous proposer une prestation adapt\u00e9e \u00e0 votre projet\u202f!\" \/>\n<meta property=\"og:url\" content=\"https:\/\/lesservicesbretons.fr\/index.php\/contactez-nous\/\" \/>\n<meta property=\"og:site_name\" content=\"Les Services Bretons - Entretien du Jardin\" \/>\n<meta property=\"article:publisher\" content=\"https:\/\/www.facebook.com\/ServicesBretons\/\" \/>\n<meta property=\"article:modified_time\" content=\"2025-09-29T07:21:22+00:00\" \/>\n<meta property=\"og:image\" content=\"https:\/\/lesservicesbretons.fr\/wp-content\/uploads\/2025\/04\/20250407_112749-scaled.jpg\" \/>\n\t<meta property=\"og:image:width\" content=\"2560\" \/>\n\t<meta property=\"og:image:height\" content=\"1441\" \/>\n\t<meta property=\"og:image:type\" content=\"image\/jpeg\" \/>\n<meta name=\"twitter:card\" content=\"summary_large_image\" \/>\n<meta name=\"twitter:label1\" content=\"Dur\u00e9e de lecture estim\u00e9e\" \/>\n\t<meta name=\"twitter:data1\" content=\"1 minute\" \/>\n<script type=\"application\/ld+json\" class=\"yoast-schema-graph\">{\"@context\":\"https:\\\/\\\/schema.org\",\"@graph\":[{\"@type\":\"WebPage\",\"@id\":\"https:\\\/\\\/lesservicesbretons.fr\\\/index.php\\\/contactez-nous\\\/\",\"url\":\"https:\\\/\\\/lesservicesbretons.fr\\\/index.php\\\/contactez-nous\\\/\",\"name\":\"Contactez nous - Les Services Bretons - Entretien du Jardin\",\"isPartOf\":{\"@id\":\"https:\\\/\\\/lesservicesbretons.fr\\\/#website\"},\"primaryImageOfPage\":{\"@id\":\"https:\\\/\\\/lesservicesbretons.fr\\\/index.php\\\/contactez-nous\\\/#primaryimage\"},\"image\":{\"@id\":\"https:\\\/\\\/lesservicesbretons.fr\\\/index.php\\\/contactez-nous\\\/#primaryimage\"},\"thumbnailUrl\":\"https:\\\/\\\/lesservicesbretons.fr\\\/wp-content\\\/uploads\\\/2025\\\/04\\\/20250407_112749-1024x577.jpg\",\"datePublished\":\"2021-05-04T15:52:55+00:00\",\"dateModified\":\"2025-09-29T07:21:22+00:00\",\"breadcrumb\":{\"@id\":\"https:\\\/\\\/lesservicesbretons.fr\\\/index.php\\\/contactez-nous\\\/#breadcrumb\"},\"inLanguage\":\"fr-FR\",\"potentialAction\":[{\"@type\":\"ReadAction\",\"target\":[\"https:\\\/\\\/lesservicesbretons.fr\\\/index.php\\\/contactez-nous\\\/\"]}]},{\"@type\":\"ImageObject\",\"inLanguage\":\"fr-FR\",\"@id\":\"https:\\\/\\\/lesservicesbretons.fr\\\/index.php\\\/contactez-nous\\\/#primaryimage\",\"url\":\"https:\\\/\\\/lesservicesbretons.fr\\\/wp-content\\\/uploads\\\/2025\\\/04\\\/20250407_112749-scaled.jpg\",\"contentUrl\":\"https:\\\/\\\/lesservicesbretons.fr\\\/wp-content\\\/uploads\\\/2025\\\/04\\\/20250407_112749-scaled.jpg\",\"width\":2560,\"height\":1441},{\"@type\":\"BreadcrumbList\",\"@id\":\"https:\\\/\\\/lesservicesbretons.fr\\\/index.php\\\/contactez-nous\\\/#breadcrumb\",\"itemListElement\":[{\"@type\":\"ListItem\",\"position\":1,\"name\":\"Accueil\",\"item\":\"https:\\\/\\\/lesservicesbretons.fr\\\/\"},{\"@type\":\"ListItem\",\"position\":2,\"name\":\"Contactez nous\"}]},{\"@type\":\"WebSite\",\"@id\":\"https:\\\/\\\/lesservicesbretons.fr\\\/#website\",\"url\":\"https:\\\/\\\/lesservicesbretons.fr\\\/\",\"name\":\"Les Services Bretons - Entretien du Jardin sur Saint-Malo , Cancale et Dinard\",\"description\":\"Un jardin \u00e0 votre image\",\"publisher\":{\"@id\":\"https:\\\/\\\/lesservicesbretons.fr\\\/#organization\"},\"potentialAction\":[{\"@type\":\"SearchAction\",\"target\":{\"@type\":\"EntryPoint\",\"urlTemplate\":\"https:\\\/\\\/lesservicesbretons.fr\\\/?s={search_term_string}\"},\"query-input\":{\"@type\":\"PropertyValueSpecification\",\"valueRequired\":true,\"valueName\":\"search_term_string\"}}],\"inLanguage\":\"fr-FR\"},{\"@type\":\"Organization\",\"@id\":\"https:\\\/\\\/lesservicesbretons.fr\\\/#organization\",\"name\":\"Les Services Bretons\",\"url\":\"https:\\\/\\\/lesservicesbretons.fr\\\/\",\"logo\":{\"@type\":\"ImageObject\",\"inLanguage\":\"fr-FR\",\"@id\":\"https:\\\/\\\/lesservicesbretons.fr\\\/#\\\/schema\\\/logo\\\/image\\\/\",\"url\":\"https:\\\/\\\/lesservicesbretons.fr\\\/wp-content\\\/uploads\\\/2022\\\/05\\\/cropped-Les-Services-Bretons-jardin.png\",\"contentUrl\":\"https:\\\/\\\/lesservicesbretons.fr\\\/wp-content\\\/uploads\\\/2022\\\/05\\\/cropped-Les-Services-Bretons-jardin.png\",\"width\":563,\"height\":309,\"caption\":\"Les Services Bretons\"},\"image\":{\"@id\":\"https:\\\/\\\/lesservicesbretons.fr\\\/#\\\/schema\\\/logo\\\/image\\\/\"},\"sameAs\":[\"https:\\\/\\\/www.facebook.com\\\/ServicesBretons\\\/\"]}]}<\/script>\n<!-- \/ Yoast SEO plugin. -->","yoast_head_json":{"title":"Contactez nous - Les Services Bretons - Entretien du Jardin","robots":{"index":"index","follow":"follow","max-snippet":"max-snippet:-1","max-image-preview":"max-image-preview:large","max-video-preview":"max-video-preview:-1"},"canonical":"https:\/\/lesservicesbretons.fr\/index.php\/contactez-nous\/","og_locale":"fr_FR","og_type":"article","og_title":"Contactez nous - Les Services Bretons - Entretien du Jardin","og_description":"Contactez-nous pour un jardin resplendissant Vous souhaitez en savoir plus sur nos services d\u2019entretien de jardin&nbsp;\u00e0&nbsp;Saint-Malo, Cancale, Dinard et villes alentours\u202f? Contactez-nous\u202f: Faites confiance \u00e0&nbsp;Les Services Bretons&nbsp;pour un&nbsp;jardin&nbsp;sain et harmonieux toute l\u2019ann\u00e9e. Nous serons ravis de vous conseiller et de vous proposer une prestation adapt\u00e9e \u00e0 votre projet\u202f!","og_url":"https:\/\/lesservicesbretons.fr\/index.php\/contactez-nous\/","og_site_name":"Les Services Bretons - Entretien du Jardin","article_publisher":"https:\/\/www.facebook.com\/ServicesBretons\/","article_modified_time":"2025-09-29T07:21:22+00:00","og_image":[{"width":2560,"height":1441,"url":"https:\/\/lesservicesbretons.fr\/wp-content\/uploads\/2025\/04\/20250407_112749-scaled.jpg","type":"image\/jpeg"}],"twitter_card":"summary_large_image","twitter_misc":{"Dur\u00e9e de lecture estim\u00e9e":"1 minute"},"schema":{"@context":"https:\/\/schema.org","@graph":[{"@type":"WebPage","@id":"https:\/\/lesservicesbretons.fr\/index.php\/contactez-nous\/","url":"https:\/\/lesservicesbretons.fr\/index.php\/contactez-nous\/","name":"Contactez nous - Les Services Bretons - Entretien du Jardin","isPartOf":{"@id":"https:\/\/lesservicesbretons.fr\/#website"},"primaryImageOfPage":{"@id":"https:\/\/lesservicesbretons.fr\/index.php\/contactez-nous\/#primaryimage"},"image":{"@id":"https:\/\/lesservicesbretons.fr\/index.php\/contactez-nous\/#primaryimage"},"thumbnailUrl":"https:\/\/lesservicesbretons.fr\/wp-content\/uploads\/2025\/04\/20250407_112749-1024x577.jpg","datePublished":"2021-05-04T15:52:55+00:00","dateModified":"2025-09-29T07:21:22+00:00","breadcrumb":{"@id":"https:\/\/lesservicesbretons.fr\/index.php\/contactez-nous\/#breadcrumb"},"inLanguage":"fr-FR","potentialAction":[{"@type":"ReadAction","target":["https:\/\/lesservicesbretons.fr\/index.php\/contactez-nous\/"]}]},{"@type":"ImageObject","inLanguage":"fr-FR","@id":"https:\/\/lesservicesbretons.fr\/index.php\/contactez-nous\/#primaryimage","url":"https:\/\/lesservicesbretons.fr\/wp-content\/uploads\/2025\/04\/20250407_112749-scaled.jpg","contentUrl":"https:\/\/lesservicesbretons.fr\/wp-content\/uploads\/2025\/04\/20250407_112749-scaled.jpg","width":2560,"height":1441},{"@type":"BreadcrumbList","@id":"https:\/\/lesservicesbretons.fr\/index.php\/contactez-nous\/#breadcrumb","itemListElement":[{"@type":"ListItem","position":1,"name":"Accueil","item":"https:\/\/lesservicesbretons.fr\/"},{"@type":"ListItem","position":2,"name":"Contactez nous"}]},{"@type":"WebSite","@id":"https:\/\/lesservicesbretons.fr\/#website","url":"https:\/\/lesservicesbretons.fr\/","name":"Les Services Bretons - Entretien du Jardin sur Saint-Malo , Cancale et Dinard","description":"Un jardin \u00e0 votre image","publisher":{"@id":"https:\/\/lesservicesbretons.fr\/#organization"},"potentialAction":[{"@type":"SearchAction","target":{"@type":"EntryPoint","urlTemplate":"https:\/\/lesservicesbretons.fr\/?s={search_term_string}"},"query-input":{"@type":"PropertyValueSpecification","valueRequired":true,"valueName":"search_term_string"}}],"inLanguage":"fr-FR"},{"@type":"Organization","@id":"https:\/\/lesservicesbretons.fr\/#organization","name":"Les Services Bretons","url":"https:\/\/lesservicesbretons.fr\/","logo":{"@type":"ImageObject","inLanguage":"fr-FR","@id":"https:\/\/lesservicesbretons.fr\/#\/schema\/logo\/image\/","url":"https:\/\/lesservicesbretons.fr\/wp-content\/uploads\/2022\/05\/cropped-Les-Services-Bretons-jardin.png","contentUrl":"https:\/\/lesservicesbretons.fr\/wp-content\/uploads\/2022\/05\/cropped-Les-Services-Bretons-jardin.png","width":563,"height":309,"caption":"Les Services Bretons"},"image":{"@id":"https:\/\/lesservicesbretons.fr\/#\/schema\/logo\/image\/"},"sameAs":["https:\/\/www.facebook.com\/ServicesBretons\/"]}]}},"_links":{"self":[{"href":"https:\/\/lesservicesbretons.fr\/index.php\/wp-json\/wp\/v2\/pages\/60","targetHints":{"allow":["GET"]}}],"collection":[{"href":"https:\/\/lesservicesbretons.fr\/index.php\/wp-json\/wp\/v2\/pages"}],"about":[{"href":"https:\/\/lesservicesbretons.fr\/index.php\/wp-json\/wp\/v2\/types\/page"}],"author":[{"embeddable":true,"href":"https:\/\/lesservicesbretons.fr\/index.php\/wp-json\/wp\/v2\/users\/1"}],"replies":[{"embeddable":true,"href":"https:\/\/lesservicesbretons.fr\/index.php\/wp-json\/wp\/v2\/comments?post=60"}],"version-history":[{"count":12,"href":"https:\/\/lesservicesbretons.fr\/index.php\/wp-json\/wp\/v2\/pages\/60\/revisions"}],"predecessor-version":[{"id":307,"href":"https:\/\/lesservicesbretons.fr\/index.php\/wp-json\/wp\/v2\/pages\/60\/revisions\/307"}],"wp:attachment":[{"href":"https:\/\/lesservicesbretons.fr\/index.php\/wp-json\/wp\/v2\/media?parent=60"}],"curies":[{"name":"wp","href":"https:\/\/api.w.org\/{rel}","templated":true}]}}